hat is the remainder when f(-2) is divided by 7?
0
Let q(w) = -w**3 - 2*w**2 + 12*w - 5. Let t be q(5). Let f = -89 - t. What is the remainder when f is divided by 12?
7
Suppose 0*d = -4*d + 20, 3*x = -3*d + 42. Suppose -u = 5*a - 66 - 50, 20 = -5*u. Suppose -6*k = -5*k - a. What is the remainder when k is divided by x?
6
Let t be -4 - (2 + -3) - -4. Suppose t = -5*h + 6. What is the remainder when 3 is divided by h?
0
Let v(o) = 0*o + 6*o + 0*o**2 - o**2 + 3. Calculate the remainder when v(4) is divided by (5 - -5) + 9 + -16.
2
Let a(h) = h**3 + 22*h**2 + 11*h - 124. Calculate the remainder when 105 is divided by a(-21).
19
Let v = 1046 + -1002. What is the remainder when 94 is divided by v?
6
Let p = 106 - 101. Suppose -p*s = 3*a - 44, 0 = -2*s - 0*a + 3*a + 5. Calculate the remainder when 12 is divided by s.
5
Suppose 4*t + 14*c - 6*c = 188, -4*t + 204 = 4*c. Calculate the remainder when 768 is divided by t.
53
Let s(p) = -p**2 + p + 63. What is the remainder when s(0) is divided by (-32)/(5/(-3) - (-1)/(-3))?
15
Let z = 672 - 515. Calculate the remainder when z is divided by 20.
17
Calculate the remainder when (-1144)/(-14) - (-44)/154 is divided by 14.
12
Let w(o) = -4*o + 62. Let z = -162 + 173. Calculate the remainder when 33 is divided by w(z).
15
Let r be -1*(-2 - (-2 - 5)). Let b(u) = 2*u**2 + 6*u - 7. Calculate the remainder when 86 is divided by b(r).
8
Let a(p) = -7*p + 45. What is the remainder when a(-8) is divided by 26?
23
Suppose -3654 = -6*q - 8*q. What is the remainder when q is divided by 18?
9
Let v(r) = -5 + 4*r**3 - 5*r**3 + 0*r**2 - 6*r - 6*r**2. Let q be v(-5). Suppose q = 2*b - 59 + 17. Calculate the remainder when b is divided by 11.
10
Let p be 8/(-52) + 41/13. Suppose 18 = w + p. What is the remainder when 29 is divided by w?
14
Suppose -175*l = -174*l - 44. Calculate the remainder when l is divided by 3.
2
Suppose 30 = -6*r + 11*r + 5*h, 3*r - 3*h - 24 = 0. Let s(u) = -u**3 - u**2 + 2*u + 4. Calculate the remainder when r/56 + 1101/24 is divided by s(-3).
14
Let k = -3 + 19. Let n(i) = 2*i - 2. Let g be n(3). Suppose 224 = g*b + 4*c, -2*b = -0*b - 2*c - 132. What is the remainder when b is divided by k?
13
Let c be (-32 - 0)*2*(10 - 2). Let z = -345 - c. Calculate the remainder when z is divided by 57.
53
Let c = 343 + -235. Calculate the remainder when c is divided by 16.
12
Calculate the remainder when 312 is divided by 2/2*135/9.
12
Let a be 2/(-1) + 28 + 10. Let b be 2/3 + 48/a. Suppose b*y = -y - 4*q + 263, y = -3*q + 96. Calculate the remainder when y is divided by 17.
13
Let c(z) = z + 27. Let b(t) = t**3 - 20*t**2 + 20*t - 9. Let u be b(19). Calculate the remainder when 145 is divided by c(u).
34
Let y(b) = -2*b + 51. Calculate the remainder when 113 is divided by y(18).
8
Suppose -57 = -4*g + 3*r - 7, -60 = -4*g - 2*r. Suppose 13*a - 11*a + 60 = 0. Let j = 10 - a. Calculate the remainder when j is divided by g.
12
Let s = 14 - 11. Suppose -q + 4*y = -s*q + 244, -2*y = -3*q + 382. What is the remainder when (12/(-9))/((-4)/q) is divided by 22?
20
What is the remainder when 30 + (-31 + -1)/(-4) is divided by 15?
8
Calculate the remainder when 83/(-2 - (-56)/24) is divided by 28.
25
Calculate the remainder when 240 is divided by (-31 - -10)*(-216)/42.
24
Let r(i) = -2*i**2 - 16*i + 10. Let n be r(-8). Calculate the remainder when 73 is divided by (n/25)/(1/95).
35
Suppose p + 3*r = -4*p + 71, -r = -4*p + 50. Suppose -2*f + 5*j + 50 = -23, 0 = -3*j - 15. Suppose -5*q = -f - 11. What is the remainder when p is divided by q?
6
Suppose 5*m + 44 = 5*y + 4*m, 12 = -3*m. Calculate the remainder when y is divided by 6.
2
Let g(m) = m + 6. Let s be g(-4). Suppose -p = s*p - 12. Suppose 118 = p*n + 42. Calculate the remainder when 74 is divided by n.
17
Suppose -v + 0*v = 0. Suppose -4*u + 4 = v, -2*n - 10 + 75 = -3*u. Suppose -2*s + 4*s = -4*g + 92, 2*g - 2*s = n. What is the remainder when g is divided by 8?
5
Let o(q) = -q**3 + q**2 + 32*q. Calculate the remainder when 357 is divided by o(6).
9
Suppose -3*m - 198 = -519. Let b = -62 + m. What is the remainder when b is divided by ((-8)/(-10))/((-5)/(-75))?
9
Suppose 0 = 23*b + 2625 - 2970. Suppose 0 = 4*n + 2*w + 56 - 536, 0 = -5*n + w + 593. What is the remainder when n is divided by b?
14
Suppose 125 = 5*w + 90. Suppose 7 = w*l - 238. What is the remainder when l is divided by 9?
8
Suppose 2*t = 2*b + 6 - 0, -2*t - 2*b = 6. Let j = 2 + t. Suppose 3*l - 4*k = 27, -2*l - j*l + 5*k + 35 = 0. Calculate the remainder when 17 is divided by l.
2
Let i(a) = -12*a - 36. Calculate the remainder when 286 is divided by i(-7).
46
Suppose 2 = -n, -t + 0*n = -4*n - 15. Let z = 7 - 5. Suppose -2*y = z*y - 100. What is the remainder when y is divided by t?
4
Suppose 0 = -4*v - v + 45. Suppose -2*a - 5*j = -65, -3*a + j = -v - 131. Calculate the remainder when a is divided by 25.
20
Let w(h) = 74*h**2 - 5*h - 5. Calculate the remainder when 191 is divided by w(-1).
43
Suppose 6*u = u + 25. Suppose z + u*i + 6 = 0, 0*i = 5*z - i - 48. Suppose 0 = -3*g + 14 - 2. What is the remainder when z is divided by g?
1
Suppose -3*h - 37 = 4*t, -t - 3*h + 0 = -2. Let v(x) = x**2 + 12*x - 8. What is the remainder when 8 is divided by v(t)?
3
Suppose 3*x + 8 = 5*a, 0 = 2*x - 0*a + 2*a - 16. Suppose -6*b - 62 = -3*p - 11*b, 22 = p + b. Calculate the remainder when p is divided by x.
0
Calculate the remainder when ((-65)/30)/(-13) - (-3356)/24 is divided by 71.
69
Let v(s) = 64*s**3 + 6*s**2 - 15 - 63*s**3 + 2*s + 3*s**2. What is the remainder when v(-8) is divided by 7?
5
What is the remainder when ((-878)/5)/((-248)/620) is divided by 14?
5
Calculate the remainder when (0 + 1)*(99 - -74) is divided by 59.
55
Let p(d) = -2*d + 95. Calculate the remainder when 530 is divided by p(-6).
102
Let c be 5/((-5)/(-4)) + 1. Suppose c*x - x = 12. Suppose k + o = 31, -o - 65 = x*k - 5*k. What is the remainder when k is divided by 11?
10
Let n(z) be the third derivative of 7*z**4/8 - 11*z**3/2 + 36*z**2. What is the remainder when n(6) is divided by 19?
17
Let l = -23 + 41. Let x(d) = -5 + 2*d**2 - 2*d**2 + 4*d + 5*d**2 - 6*d. Calculate the remainder when x(3) is divided by l.
16
Calculate the remainder when 9960/100 - 6/10 is divided by 25.
24
Suppose 3*m - 131 = -4*r + 243, 3*m = -r + 89. Suppose j + r = 2*h, -2*j + 3*j = 3*h - 144. What is the remainder when h is divided by 13?
10
Suppose w = -3, -7*w = -4*m - 6*w + 43. Suppose -c + 14 = -2. Calculate the remainder when c is divided by m.
6
Let y be 10/3 + 14/21. Suppose y*f - 2*h - 391 = 3*h, 0 = 5*f - h - 473. What is the remainder when f is divided by 32?
30
Let x(f) = f**3 - 3*f**2 + 3*f. Let h be x(2). Let t be (-404)/36 - h/(-9). Let y = 23 + t. Calculate the remainder when 23 is divided by y.
11
Suppose -u - 3 = -45. Suppose -3*v = 52 - 118. Calculate the remainder when u is divided by v.
20
Let n = 289 - 284. Suppose -s - n*t + 75 = 0, 5*s + 0*t - 349 = t. Calculate the remainder when s is divided by -1 + -1 + 25 + 1.
22
Suppose -10*y + 13*y = 0. Let f = 42 + y. Calculate the remainder when 207 is divided by f.
39
Let s = 1325 + -1315. What is the remainder when 87 is divided by s?
7
Let u(h) = 2*h**3 - 2*h**2 - 10*h + 6. Calculate the remainder when u(4) is divided by 13.
10
Suppose 8*a - 15 = 3*a. What is the remainder when a/(3 + 0) - -46 is divided by 164/14 + (-12)/(-42)?
11
Let b = 394 - 392. What is the remainder when 2 is divided by b?
0
Let c(q) = 1. Let f(g) = -18*g + 1. Let n(b) = -2*c(b) + f(b). Let u be n(1). Let d = 13 - u. What is the remainder when d is divided by 9?
5
Suppose 6*j - 18 = 3*j + 3*s, 4*j + 5*s + 12 = 0. Suppose -5*n + n = -o + 5, 0 = -3*o + j*n + 45. Calculate the remainder when 30 is divided by o.
13
Let m = -6 + 11. Let p be 29/7 + (-4)/28. Suppose 0 = -5*l + m*g - 2*g + 3, p*g - 22 = -2*l. Calculate the remainder when 5 is divided by l.
2
Let l = -1158 + 1222. What is the remainder when 213 is divided by l?
21
Let r be (-5 - 13/(-2))*2. Suppose 4*y - 18 = 50. Let l = r + y. Calculate the remainder when 38 is divided by l.
18
Suppose -g - 4*m = -m + 4, -4*g + m = 42. Let o = 12 + g. Suppose -2*r - 3*j - 2*j + 83 = 0, -2*r = o*j - 68. What is the remainder when r is divided by 15?
14
Suppose 97 = 3*w + 2*u, w 